 95 divide 1112484?
False
Is 733858 a multiple of 6?
False
Does 46 divide 15171956?
False
Is 7 a factor of 40285?
True
Is 2232355 a multiple of 8?
False
Does 180 divide 259560?
True
Is 96 a factor of 261504?
True
Does 19 divide 1483252?
False
Does 53 divide 101442?
True
Is 978112 a multiple of 496?
True
Is 4 a factor of 414420?
True
Is 17 a factor of 137158?
False
Does 188 divide 11857536?
True
Is 63 a factor of 2041403?
False
Is 9 a factor of 2825271?
True
Is 48636 a multiple of 28?
True
Does 16 divide 248496?
True
Is 60 a factor of 97716?
False
Does 48 divide 286752?
True
Is 140928 a multiple of 367?
True
Is 7473367 a multiple of 88?
False
Is 36 a factor of 24483?
False
Does 425 divide 5485050?
True
Is 17872 a multiple of 8?
True
Is 2674471 a multiple of 41?
True
Does 8 divide 3326?
False
Does 30 divide 26086?
False
Does 14 divide 4825632?
True
Is 13 a factor of 1030250?
True
Is 181 a factor of 541371?
True
Is 892 a factor of 12981789?
False
Is 719 a factor of 5709560?
False
Is 1520638 a multiple of 47?
True
Is 4 a factor of 16691?
False
Is 346896 a multiple of 11?
True
Is 42 a factor of 98561?
False
Is 4112 a multiple of 4?
True
Is 258785 a multiple of 118?
False
Is 23 a factor of 320413?
True
Is 4358598 a multiple of 18?
False
Is 42 a factor of 12474?
True
Is 48616 a multiple of 2?
True
Is 20 a factor of 44275?
False
Is 38 a factor of 2817420?
False
Is 707 a factor of 6858607?
True
Is 141573 a multiple of 15?
False
Does 204 divide 1516740?
True
Does 419 divide 642496?
False
Does 120 divide 302785?
False
Is 19 a factor of 1469471?
False
Is 205 a factor of 6771560?
True
Does 14 divide 518345?
False
Is 14124686 a multiple of 2232?
False
Is 665 a factor of 3629316?
False
Is 12224128 a multiple of 128?
True
Is 3 a factor of 609332?
False
Is 528 a factor of 134112?
True
Does 23 divide 251298?
True
Is 283 a factor of 1338590?
True
Is 2759770 a multiple of 230?
True
Is 2 a factor of 28416?
True
Is 9253366 a multiple of 14?
False
Is 10 a factor of 44734?
False
Is 5212 a multiple of 55?
False
Is 1606332 a multiple of 13?
True
Is 3547465 a multiple of 809?
True
Is 26 a factor of 8816522?
True
Is 11 a factor of 874148?
True
Is 41 a factor of 449424?
False
Is 142 a factor of 83780?
True
Is 57 a factor of 1555074?
True
Is 36670 a multiple of 38?
True
Is 98 a factor of 5152?
False
Is 309 a factor of 250908?
True
Does 21 divide 688892?
False
Is 200230 a multiple of 10?
True
Does 5 divide 469678?
False
Is 3603316 a multiple of 31?
True
Is 3206224 a multiple of 8?
True
Is 367 a factor of 1791097?
False
Is 157185 a multiple of 43?
False
Does 127 divide 141859?
True
Is 1732567 a multiple of 54?
False
Is 91 a factor of 219413?
False
Is 64 a factor of 141888?
True
Is 2100002 a multiple of 109?
False
Is 7 a factor of 107971?
False
Is 14 a factor of 97577?
False
Is 85 a factor of 73780?
True
Does 7 divide 72485?
True
Does 1038 divide 5319750?
True
Does 451 divide 873313?
False
Does 19 divide 1202814?
True
Does 11 divide 192038?
True
Is 37982 a multiple of 182?
False
Is 164 a factor of 1908140?
True
Is 22 a factor of 4213530?
False
Is 131 a factor of 138336?
True
Does 22 divide 13310?
True
Is 15331116 a multiple of 22?
False
Is 21067875 a multiple of 439?
False
Is 1046836 a multiple of 98?
True
Is 3511787 a multiple of 79?
True
Does 164 divide 211555?
False
Is 121 a factor of 47432?
True
Is 6759060 a multiple of 1596?
True
Is 892 a factor of 1617373?
False
Does 20 divide 9369152?
False
Is 897183 a multiple of 141?
True
Is 363 a factor of 490413?
True
Is 688017 a multiple of 6?
False
Is 36 a factor of 2033342?
False
Is 1436653 a multiple of 1088?
False
Is 6 a factor of 1073064?
True
Does 161 divide 8027942?
False
Is 316624 a multiple of 2?
True
Does 55 divide 468521?
False
Is 15 a factor of 572854?
False
Is 5 a factor of 552588?
False
Does 48 divide 147203?
False
Does 105 divide 311325?
True
Does 12 divide 14748?
True
Is 192455 a multiple of 305?
True
Does 31 divide 756245?
True
Is 997594 a multiple of 629?
True
Is 29 a factor of 64293?
True
Is 9 a factor of 37962?
True
Is 475 a factor of 771669?
False
Does 839 divide 4888880?
False
Does 12 divide 603564?
True
Does 9 divide 42615?
True
Is 987023 a multiple of 18?
False
Is 69722 a multiple of 142?
True
Is 2574 a multiple of 11?
True
Is 516722 a multiple of 363?
False
Is 11566360 a multiple of 65?
True
Is 41 a factor of 161450?
False
Is 2297911 a multiple of 22?
False
Is 8835840 a multiple of 1920?
True
Is 288 a factor of 925689?
False
Does 10 divide 172763?
False
Does 184 divide 228435?
False
Is 647504 a multiple of 22?
True
Does 295 divide 15635?
True
Is 73 a factor of 42924?
True
Is 2309997 a multiple of 156?
False
Is 51 a factor of 1981911?
True
Does 27 divide 2078157?
False
Is 102 a factor of 3977455?
False
Does 343 divide 6153763?
True
Does 117 divide 71253?
True
Is 117 a factor of 32526?
True
Is 2933750 a multiple of 10?
True
Is 155 a factor of 163441?
False
Is 16 a factor of 83652?
False
Is 2169749 a multiple of 40?
False
Does 34 divide 832422?
True
Does 252 divide 17843112?
True
Is 943750 a multiple of 125?
True
Is 79 a factor of 10801223?
False
Is 34 a factor of 324734?
True
Does 160 divide 100299?
False
Is 529 a factor of 376579?
False
Does 88 divide 3140192?
True
Is 1245205 a multiple of 10?
False
Is 96 a factor of 2841578?
False
Is 115 a factor of 2364068?
False
Is 285800 a multiple of 356?
False
Is 197 a factor of 733647?
False
Is 74 a factor of 726497?
False
Is 999 a factor of 419131?
False
Is 37 a factor of 8048618?
False
Is 42 a factor of 3348?
False
Is 552119 a multiple of 47?
False
Is 24743334 a multiple of 49?
True
Is 79 a factor of 1089567?
False
Does 14 divide 14850534?
False
Is 53 a factor of 222229?
True
Does 75 divide 153199?
False
Is 15059 a multiple of 10?
False
Is 42 a factor of 5166?
True
Is 334324 a multiple of 19?
True
Is 16 a factor of 31301?
False
Is 461729 a multiple of 245?
False
Is 441360 a multiple of 6?
True
Is 282 a factor of 1964976?
True
Does 564 divide 10782984?
False
Is 644 a factor of 17277876?
True
Is 7 a factor of 11888450?
True
Is 5 a factor of 14565?
True
Is 2229367 a multiple of 227?
True
Does 133 divide 115710?
True
Is 224578 a multiple of 8?
False
Is 3730650 a multiple of 1050?
True
Is 10 a factor of 1827998?
False
Is 2664 a multiple of 26?
False
Is 153506 a multiple of 29?
False
Is 45 a factor of 231840?
True
Is 195738 a multiple of 303?
True
Is 1241957 a multiple of 45?
False
Does 128 divide 132992?
True
Is 22 a factor of 668602?
True
Is 320 a factor of 2064640?
True
Does 436 divide 1811203?
False
Is 3047680 a multiple of 8?
True
Is 262515 a multiple of 473?
True
Does 16 divide 65909?
False
Is 129 a factor of 873330?
True
Is 6 a factor of 53583?
False
Is 131572 a multiple of 147?
False
Does 141 divide 26888?
False
Is 108444 a multiple of 2?
True
Is 1797398 a multiple of 120?
False
Is 2 a factor of 2476?
True
Is 119305 even?
False
Is 4 a factor of 37184?
True
Does 46 divide 1630838?
True
Is 1793 a multiple of 12?
False
Is 147140 a multiple of 12?
False
Is 639394 a multiple of 23?
False
Is 131696 a multiple of 8?
True
Is 11 a factor of 78026?
False
Is 175100 a multiple of 103?
True
Does 21 divide 3180892?
False
Is 884296 a multiple of 26?
False
Is 27 a factor of 1038258?
True
Is 11 a factor of 1154219?
True
Is 937391 a multiple of 8?
False
Is 132975 a multiple of 17?
False
Is 504972 a multiple of 4?
True
Is 97 a factor of 5496385?
False
Is 5948359 a multiple of 172?
False
Does 336 divide 366217?
False
Is 952 a factor of 596904?
True
Is 48 a factor of 17911?
False
Is 85668 a multiple of 236?
True
Is 371 a factor of 110558?
True
Is 205 a factor of 406107?
False
Is 582 a factor of 409146?
True
Is 59 a factor of 686317?
False
Is 51 a factor of 54060?
True
Is 2734756 a multiple of 514?
False
Is 10 a factor of 1055850?
True
Does 89 divide 26344?
True
Is 199 a factor of 2720553?
False
Is 1562386 a multiple of 193?
False
Is 456536 a multiple of 298?
True
Is 1558 a factor of 11616448?
True
Is 15287694 a multiple of 1664?
False
Is 303 a factor of 116352?
True
Is 13547 even?
False
Does 860 divide 11445917?
False
Does 12 divide 2213448?
True
Is 183 a factor of 4059849?
False
Is 3013107 a multiple of 537?
True
Is 3578956 a multiple of 41?
False
Is 10 a factor of 558705?
Fals